pose -3*m + o = 3*s + s, -2*s = -3*m - 708. What are the prime factors of s?
3, 13
What are the prime factors of 25 + (-893)/38 + 2/((-4)/(-26839))?
13421
Let t = -8125 + 15091. List the prime factors of t.
2, 3, 43
Suppose -65*d + 24*d = 14*d - 482405. What are the prime factors of d?
7, 179
Let h be ((1 - -3) + 0)*1/2. Suppose 3*l + l - 18 = -h*a, 2*a + 12 = 2*l. Suppose -1015 = -5*i + l*t + 80, -5*i - 4*t = -1131. What are the prime factors of i?
223
Suppose 3*l - k - 2*k = 41778, 55694 = 4*l - 2*k. List the prime factors of l.
13921
Let p be 11 - 7 - (-18)/3. Suppose -2*m = -p, 0*w - 4*w = 4*m - 1884. What are the prime factors of w?
2, 233
Let q(p) = 5*p**2 - 26*p - 154. What are the prime factors of q(-26)?
2, 1951
Suppose -6*w = -3*w + h - 77263, -3*w + 4*h = -77288. What are the prime factors of w?
2, 47, 137
Suppose 33560 + 4411 = 3*m. List the prime factors of m.
3, 4219
Let x = 151 + -155. Let m be ((-6)/x - (-26)/(-12))*-3. List the prime factors of (-32)/16 - (166/(-2) - m).
83
Suppose -2*d = 3*y - 38277, 2*y = -d + 13451 + 12069. What are the prime factors of y?
12763
Let a(x) = 4*x - 26. Let v be a(7). Suppose -2*g + 260 = 2*y, -2*g + 258 = -v*y + 5*y. What are the prime factors of g?
2, 3, 11
Let u = 1704 + -3032. Let h = u - -2174. List the prime factors of h.
2, 3, 47
Let f = 1304 - 664. List the prime factors of f.
2, 5
Let f = 2 - -2. Suppose -5*y - 3*r + 14 = 0, -4*r = -9*y + 13*y - 8. Suppose b + t - 36 = 6*t, y*b - 72 = -f*t. What are the prime factors of b?
3, 7
Let m = 756 + -698. Suppose 2*w - m = 224. List the prime factors of w.
3, 47
Let b = 117104 + -64754. What are the prime factors of b?
2, 3, 5, 349
Let f = -8498 + 14983. What are the prime factors of f?
5, 1297
Suppose 0 = 11*u + u + 312. List the prime factors of (u/234)/((-1)/639).
71
Suppose 3834 = w - 3*a, -3*a + 6*a + 11508 = 3*w. Suppose -8*m + w + 1019 = 0. List the prime factors of m.
607
Let g(v) = 15*v**2 - 2*v + 5. Suppose 0 = 2*t + i + 8, -5*t - 20 = i - 3*i. Let f be (-10)/(-4) - (-2)/t. List the prime factors of g(f).
61
Let k(l) = 3*l + 7. Let g be k(11). Let f = -36 + g. Suppose -3*y = f*h - 2*h - 116, 0 = h - 4*y - 69. What are the prime factors of h?
61
Let y = 81 - 76. Suppose 0 = y*a + 9*a - 9814. What are the prime factors of a?
701
Suppose -1175*h + 1178*h - 1845 = 0. Suppose 4*n - h = -r, 3*n - 6*n + 474 = 5*r. List the prime factors of n.
3, 17
Let m(v) = -37*v + 75. Let s(w) = -19*w + 37. Let o(j) = -2*m(j) + 5*s(j). Let i be 4/1*(-25)/20. List the prime factors of o(i).
2, 5, 7
What are the prime factors of (-2)/5 + (-25)/(5125/(-3350192))?
2, 8171
Suppose -2*k - 3*t + 226 = 0, 3*t = -k + 2*t + 111. Let y be (-4)/8*-6 + (-1650)/22. Let q = k + y. What are the prime factors of q?
5, 7
Let y(j) = j**3 - 41*j**2 + 125*j - 2. Let v be y(38). Let g = 1156 - v. What are the prime factors of g?
2, 5, 37
Suppose 0 = -p + 5*d + 2085, 2*d - 152 = -p + 1926. List the prime factors of p.
2, 5, 13
Let x(n) = -4*n + 5. Let j be x(-2). Suppose -4*f = s - 22, 0 = 3*s + 3*f - j - 8. Suppose s*h = 20 + 160. List the prime factors of h.
2, 3, 5
Suppose -7 = -3*y + 5. Suppose 2*u - 3*x = 795, -u = -2*u + y*x + 390. Suppose 5*k = -k + u. List the prime factors of k.
67
Let f(i) = -2*i**2 - 11*i + 5. Let d be f(-3). Suppose -l - d + 208 = 0. What are the prime factors of l?
2, 47
Let f(b) = 306*b - 1305. What are the prime factors of f(22)?
3, 67
Suppose 8*r - 49 = 79. Suppose -r*l + 11*l = -3275. What are the prime factors of l?
5, 131
Suppose 4*p - 540 = 5*j, 164 + 289 = -4*j - p. What are the prime factors of (25 - j) + 1*2?
139
What are the prime factors of 580/(-50) + 10 - -2 - (-1538)/5?
2, 7, 11
What are the prime factors of 12/(-28) + 11819/7?
2, 211
Suppose 0 = i + 4, 32*r - 30*r - 4*i - 152 = 0. Suppose -65*w - 1605 = -r*w. List the prime factors of w.
5, 107
Let w(i) = -3*i**2 - 450*i + 23. List the prime factors of w(-41).
2, 5, 17, 79
Let y be (-12)/(-24) - 1/2. Suppose y = -14*h + 19*h. Suppose -3*a - 5*z = -0*z - 19, h = -2*a - z + 8. List the prime factors of a.
3
Suppose -4*f + 1850 = f - 2*q, 0 = 5*f + 5*q - 1815. What are the prime factors of f?
2, 23
Let b = 617 - 188. Let m = b - -289. List the prime factors of m.
2, 359
Suppose 0 = -8*w + 47 - 15. Suppose 1643 + 1359 = 5*z + 3*o, 3*o = -w*z + 2404. What are the prime factors of z?
2, 13, 23
Let z(c) = 12*c**2 - 18*c + 166. Let a be z(15). Suppose r - 3*w - 1300 = 0, 6*r + 5*w = 8*r - a. List the prime factors of r.
2, 7, 23
Let j = 23277 + -10425. What are the prime factors of j?
2, 3, 7, 17
Let k = -51 + 45. Suppose 0*d + 14 = -2*d. List the prime factors of (-3)/k - ((-2261)/(-2))/d.
2, 3
Suppose 0 = -10*y + 12*y - 5*x - 18584, 0 = -5*y - 3*x + 46460. List the prime factors of y.
2, 23, 101
Let t be ((-10)/210*6)/((-2)/14). Suppose 5*n - 9*n + 382 = 2*f, -t*f + n + 407 = 0. What are the prime factors of f?
3, 67
Let l = -374 + 206. Let i = 442 + l. What are the prime factors of i?
2, 137
Let p = -25180 + 59936. List the prime factors of p.
2, 8689
Suppose -2*q - 882 = -3440. Suppose -3*f + q = 3*i - 5*f, -2*i = -3*f - 856. What are the prime factors of i?
5, 17
Let b(r) = 40*r + 15. Let x(w) = 199*w + 77. Let p(m) = -11*b(m) + 2*x(m). List the prime factors of p(-7).
283
List the prime factors of (9 + 230)/(4/44).
11, 239
Let n(s) = s**2 + s - 42. Let i be n(-7). Suppose 879 = y - 5*m, i = -y - y - 5*m + 1698. List the prime factors of y.
859
Suppose -5*z = 5*v - 20495, 5*z + 2*v - 4102 = 4*z. What are the prime factors of z?
2
Suppose -2*z = 2*p - 14420, 4*p + 14*z - 16*z = 28864. What are the prime factors of p?
2, 3607
Suppose -a = 2*m - 389, -4*a - m + 941 = -566. What are the prime factors of a?
3, 5
Suppose -3*j + c + 7375 = -15110, 0 = 3*j - 2*c - 22488. List the prime factors of j.
2, 3, 1249
What are the prime factors of 0 - (-5 - -3) - 9680/(-5)?
2, 3, 17, 19
Let f(p) = 6*p**2 - 27*p + 32. Let c be f(12). Suppose 274 = 2*u + 2*w, 4*u - c = -w - 12. What are the prime factors of u?
3, 47
Let j(w) = -5*w + 0*w**3 + 0 + 8*w**3 + 13*w**3 + 3 + 2*w**2. Let t be j(3). Suppose -7*l - t = -10*l. What are the prime factors of l?
191
Let n be 2152 - 0*5/25. Suppose -5*r + 360 = s - 344, 3*s + 5*r = n. What are the prime factors of s?
2, 181
Let i = 4 + 6. Suppose 0 = 4*h + i - 10. Suppose f = 2*q + 2*q - 377, h = 2*f + 10. List the prime factors of q.
3, 31
Let s = 2897 + 1288. Suppose s = -402*k + 405*k. What are the prime factors of k?
3, 5, 31
Suppose 317170 = -3*l + 25*l + 48*l. List the prime factors of l.
23, 197
Suppose 3*i - 139 - 56 = 0. Suppose 0 = 13*d - 143 - 104. Let w = i - d. List the prime factors of w.
2, 23
Let g be (2 - -2) + (-3)/3. Let l be 25/15 + (-1 + 2)/g. What are the prime factors of ((-3)/3)/(l/(-322))?
7, 23
Let d(h) = -16*h**3 - 17*h**2 - 68*h - 20. What are the prime factors of d(-5)?
5, 379
Let h(a) = -a + 28. Let r be h(20). List the prime factors of 57/(r/((-328)/(-3))).
19, 41
Let x = -2583 - -13569. List the prime factors of x.
2, 3, 1831
Let b(u) = 8*u + 87. Let t = 5 - 5. List the prime factors of b(t).
3, 29
Suppose -2*m + 3*j = -15102, -3*m - 2*j = -6*m + 22653. List the prime factors of m.
3, 839
Suppose -290*q - 10790 = -292*q. What are the prime factors of q?
5, 13, 83
Suppose 3*z - 162261 = 15*x, 9701 = 2*z - 3*x - 98466. List the prime factors of z.
2, 7, 3863
Let v be (-1 - -4)/((-3)/78*2). Let g = v - -307. List the prime factors of g.
2, 67
Let f = 24820 + -13775. List the prime factors of f.
5, 47
Let b(l) = l**2 + 9*l + 12. Let s(u) = -u + 7. Let v be s(14). Let o be b(v). What are the prime factors of -6*(o/12)/((-5)/(-15))?
3
Suppose 5*o = -k + 1239, 0 = -4*k - 4*o + 2527 + 2461. List the prime factors of k.
1249
Suppose 237*q - 3*n - 28103 = 232*q, -11236 = -2*q - 4*n. What are the prime factors of q?
2, 5, 281
Suppose 4*s + s - 4*g = 33, -10 = 5*g. Let b be (4/s)/(2 + (-31)/15). Let l(v) = -7*v + 20. List the prime factors of l(b).
2, 13
Let l be -37 - ((-8)/28 - 15/21). Let a = l - 36. Let r = -56 - a. What are the prime factors of r?
2
Let p(y) = y**3 + 5*y**2 - 8*y - 7. Let a be p(-6). Let t be 1 + 7 + -1 + -3. Suppose 72 = a*s + f, -8 = -s - t*f + 7*f. List the prime factors of s.
2, 7
Let y = 758 + 268. Let l = y + -322